{"id":13,"date":"2014-11-03T10:52:19","date_gmt":"2014-11-03T10:52:19","guid":{"rendered":"http:\/\/themes.muffingroup.com\/be\/portfolio\/?page_id=13"},"modified":"2018-12-24T17:18:56","modified_gmt":"2018-12-24T14:18:56","slug":"urunler","status":"publish","type":"page","link":"https:\/\/www.myq.com.tr\/index.php\/urunler\/","title":{"rendered":"\u00dcr\u00fcnler"},"content":{"rendered":"<p>[vc_row][vc_column][vc_empty_space][\/vc_column][\/vc_row][vc_row][vc_column][vc_gallery type=&#8221;image_grid&#8221; images=&#8221;180,181,184,183,182,145,144,143&#8243; img_size=&#8221;250&#215;250&#8243;][\/vc_column][\/vc_row][vc_row][vc_column][vc_column_text]<\/p>\n<p style=\"text-align: center;\">Cihaz ak\u00fcl\u00fc ve Paletli sistemdir, refakat\u00e7i yard\u0131m\u0131yla merdivenleri rahat\u00e7a iner ve \u00e7\u0131kar, kullan\u0131m\u0131 kolay ve g\u00fcvenlidir.<\/p>\n<table width=\"699\">\n<tbody>\n<tr>\n<td colspan=\"2\"><span style=\"color: #ff0000;\"><strong>\u00d6ZELLIKLER<\/strong><\/span><\/td>\n<\/tr>\n<tr>\n<td width=\"307\">Boyut<\/td>\n<td width=\"307\">1200 x 400 x 910 mm<\/td>\n<\/tr>\n<tr>\n<td>Katlanm\u0131\u015f boyut<\/td>\n<td>1100 x 400 x 510 mm<\/td>\n<\/tr>\n<tr>\n<td>Cihaz a\u011f\u0131rl\u0131\u011f\u0131<\/td>\n<td>45 kg<\/td>\n<\/tr>\n<tr>\n<td>H\u0131z \u00c7\u0131kma\/ \u0130nme<\/td>\n<td>8 m \/ 12 m dakika<\/td>\n<\/tr>\n<tr>\n<td>\u015easi<\/td>\n<td>Al\u00fcminyum<\/td>\n<\/tr>\n<tr>\n<td>A\u00e7\u0131<\/td>\n<td>35 derece<\/td>\n<\/tr>\n<tr>\n<td>Ak\u00fc<\/td>\n<td>2* 12V \/ 9A<\/td>\n<\/tr>\n<tr>\n<td>\u015earj kapasitesi<\/td>\n<td>Y\u00fckde 30 dakika<\/td>\n<\/tr>\n<tr>\n<td>Motor<\/td>\n<td>DC Motor<\/td>\n<\/tr>\n<tr>\n<td>Ta\u015f\u0131ma Kapasitesi<\/td>\n<td>130 KG<\/td>\n<\/tr>\n<\/tbody>\n<\/table>\n<p>[\/vc_column_text][\/vc_column][\/vc_row]<\/p>\n","protected":false},"excerpt":{"rendered":"<p>[vc_row][vc_column][vc_empty_space][\/vc_column][\/vc_row][vc_row][vc_column][vc_gallery type=&#8221;image_grid&#8221; images=&#8221;180,181,184,183,182,145,144,143&#8243; img_size=&#8221;250&#215;250&#8243;][\/vc_column][\/vc_row][vc_row][vc_column][vc_column_text] Cihaz ak\u00fcl\u00fc ve Paletli sistemdir, refakat\u00e7i yard\u0131m\u0131yla merdivenleri rahat\u00e7a iner ve \u00e7\u0131kar, kullan\u0131m\u0131 kolay ve g\u00fcvenlidir. \u00d6ZELLIKLER Boyut 1200 x 400 x<span class=\"excerpt-hellip\"> [\u2026]<\/span><\/p>\n","protected":false},"author":1,"featured_media":0,"parent":0,"menu_order":0,"comment_status":"open","ping_status":"open","template":"","meta":[],"_links":{"self":[{"href":"https:\/\/www.myq.com.tr\/index.php\/wp-json\/wp\/v2\/pages\/13"}],"collection":[{"href":"https:\/\/www.myq.com.tr\/index.php\/wp-json\/wp\/v2\/pages"}],"about":[{"href":"https:\/\/www.myq.com.tr\/index.php\/wp-json\/wp\/v2\/types\/page"}],"author":[{"embeddable":true,"href":"https:\/\/www.myq.com.tr\/index.php\/wp-json\/wp\/v2\/users\/1"}],"replies":[{"embeddable":true,"href":"https:\/\/www.myq.com.tr\/index.php\/wp-json\/wp\/v2\/comments?post=13"}],"version-history":[{"count":10,"href":"https:\/\/www.myq.com.tr\/index.php\/wp-json\/wp\/v2\/pages\/13\/revisions"}],"predecessor-version":[{"id":273,"href":"https:\/\/www.myq.com.tr\/index.php\/wp-json\/wp\/v2\/pages\/13\/revisions\/273"}],"wp:attachment":[{"href":"https:\/\/www.myq.com.tr\/index.php\/wp-json\/wp\/v2\/media?parent=13"}],"curies":[{"name":"wp","href":"https:\/\/api.w.org\/{rel}","templated":true}]}}